3/6 + 32*i**2. Let g be m(4). What is the highest common factor of g and 14?
7
Let s(c) = 5*c + 1. Let r be s(-14). Let g = r - -132. What is the greatest common factor of g and 9?
9
Let z be 50/2*(-69)/(-115). Let b be 6 + 0/(-2 - -3). Let o(c) = c - 1. Let h be o(b). What is the greatest common divisor of h and z?
5
Suppose 12*a - 31*a + 14706 = 0. Calculate the highest common divisor of 36 and a.
18
Let i(a) = a - 4. Let u be i(6). Let d be u*(-1)/(-2)*35. Let r be d/2 + (-3)/6. What is the highest common divisor of r and 34?
17
Let c = -99 - -195. Let j = 122 - c. Calculate the highest common divisor of j and 65.
13
Suppose -5*z - q + 47 = 0, 3*z - 33 = 4*q + 9. Calculate the greatest common factor of z and 50.
10
Let d(i) = 44*i + 178. Let m be d(-4). Calculate the greatest common factor of m and 118.
2
Let k(h) = h**3 + 18*h**2 + 12*h + 95. Let v be k(-17). Calculate the highest common divisor of v and 36.
36
Suppose 462 + 468 = 6*u. Calculate the highest common divisor of 62 and u.
31
Let g(y) = -y**3 - 3*y**2 - 2*y - 2. Let c be g(-3). Let d = -47 + 83. What is the highest common divisor of d and c?
4
Suppose 5*g - g - 112 = 0. Suppose -4*m - 3*m = -m. Suppose 0 = 6*c - m*c - 504. What is the highest common divisor of g and c?
28
Let h(g) = -g**2 - 40*g - 249. Let v be h(-32). Calculate the highest common factor of v and 1.
1
Suppose 6*f - 32 - 34 = 0. Suppose -2*g = 5*b - 208, 0 = -4*g - 0*b + b + 394. Calculate the highest common factor of g and f.
11
Let i(o) = -o**3 + 11*o**2 - 16*o - 56. Let w be i(7). What is the greatest common divisor of 812 and w?
28
Suppose 0 = 6*i - 2562 + 2262. Suppose 2*b + 10 = j, 5*j - 69 = 2*b - 19. What is the greatest common factor of i and j?
10
Let d = -7 - -22. Let x = 24 - d. Let n(u) = -u**3 - 7*u**2 - 9*u - 9. Let r be n(-6). What is the greatest common factor of r and x?
9
Let b = 171 + -105. What is the highest common factor of 418 and b?
22
Suppose 0 = 2*w - t - 0*t + 6, -8 = -w - 5*t. Let r be w/(-1) - (0 + -108). What is the greatest common divisor of 10 and r?
10
Let i(x) = 11*x**2 - 1. Let h be -1*(-3)/3 + 2. Suppose -h = -a - 4. Let q be i(a). Calculate the highest common factor of 15 and q.
5
Suppose 0 = -2043*a + 2047*a - 204. Suppose 2*g - 6*g = -136. What is the greatest common divisor of g and a?
17
Suppose 4*s - 4 - 20 = 0. Suppose 50 = -m + s*m. What is the highest common factor of 15 and m?
5
Suppose 0 = -5*m + 15, -5*m = 3*d - 2 - 676. What is the greatest common divisor of 17 and d?
17
Suppose i = -2, 2*i - i + 774 = -4*x. Let j = x + 314. Calculate the greatest common divisor of 11 and j.
11
Suppose -3*l + 0*l + 27 = 0. Suppose 11*q - 9*q - 2 = 0. Suppose 61 = 10*v + q. What is the highest common factor of l and v?
3
Let b(n) = -3*n**2 - 23*n - 1. Let v be b(-7). Calculate the highest common factor of v and 611.
13
Let k be -10*1/((-20)/216). Suppose -2*t = -5*o - 44 + 7, 32 = -4*o + 4*t. Let v = 5 - o. Calculate the greatest common divisor of v and k.
12
Let d = -51 - -107. Suppose 3*x - q + 35 = 0, x - 4*q + 6 + 24 = 0. Let v = x + 18. Calculate the highest common divisor of v and d.
8
Let r(z) = -z**3 + 13*z**2 - 12*z + 9. Let o be r(12). Suppose -3*u = k - 0*u - 3, -3*u = 2*k - o. What is the highest common divisor of 66 and k?
6
Suppose 0 = 4*i + 4*l - 412, -6*l - 87 = -i - 3*l. Let q be (3/(-1) + 135)/2. What is the greatest common factor of i and q?
33
Let m = -44 + 53. Suppose -b + m = -5*h, -7 = -b + h + 6. Calculate the highest common divisor of 42 and b.
14
Suppose -o + 7 = -18. Suppose 25*u - 28*u - 2*x = -68, -6*x = -3*u + 36. What is the greatest common divisor of o and u?
5
Let a(k) = 37*k - 1. Let o be a(1). Suppose 3*w + 4*w = 42. Let g be 542/w - (-2)/(-6). Calculate the greatest common divisor of g and o.
18
Let h be 4/6 + (-19)/(-3). Suppose 6*u - 33 = -3*n, u + 3*n + 68 = 66. Calculate the highest common factor of h and u.
7
Let y be (-14)/133 + 97/19. Let h be (-2)/(-3) + 6/(-9). Suppose -y*n + 25 - 5 = h. What is the highest common divisor of n and 32?
4
Let g(q) = q**2 + 4*q - 6. Suppose -p + 3*p - 16 = 4*v, -2*p + 7 = 5*v. Let r be g(p). Let o = 86 + -80. Calculate the highest common factor of o and r.
6
Let y = -879 - -1286. What is the greatest common divisor of y and 11?
11
Let f be (-1)/(-2) - (-4369)/(-2). Let u = f + 3222. Suppose 5*z - u - 172 = 0. What is the greatest common factor of z and 22?
22
Let b = -81 + 141. Calculate the highest common factor of 5 and b.
5
Let x(g) = g**3 - 12*g**2 + 11*g + 3. Let o be x(11). Suppose -2*q - 76 = -2*f, 5*f - 154 = f + o*q. What is the greatest common factor of 20 and f?
20
Let i be 40/(-30) + 2884/21. What is the highest common factor of i and 51?
17
Let v = -154 - -420. Calculate the greatest common divisor of 38 and v.
38
Suppose v = -190 - 56. Let p be 0 - v - (13 - 9). Let r be (-1)/4 - 178/(-8). What is the highest common factor of p and r?
22
Let s = 219 - 177. Let k(z) = -z**3 - 3*z**2 + 11*z + 14. Let o be k(-6). What is the greatest common divisor of o and s?
14
Let o be 0/((-1 + 2)*1). Suppose -y - 20 - 56 = -5*x, x - 4*y = o. Suppose 2*a - 22 = 4*z, -5*a = -3*z - x - 4. What is the highest common factor of a and 8?
1
Let h(a) = -26*a - 256. Let m be h(-12). Calculate the greatest common divisor of m and 8.
8
Suppose -3*a - 270 = -2*t - 30, 357 = 3*t - 3*a. What is the greatest common divisor of 18 and t?
9
Let a = 203 + -190. What is the greatest common divisor of a and 1?
1
Let a(g) be the third derivative of 11*g**4/8 + 3*g**3/2 + 31*g**2. Let p be a(3). What is the greatest common factor of p and 24?
12
Suppose -7*m = -8*m - 206. Let h = m - -231. Let c = -85 + 135. Calculate the highest common factor of h and c.
25
Let n = -183 + 372. Let d(x) = x**2 - 69*x + 455. Let w be d(62). Calculate the highest common factor of n and w.
21
Let t(h) = 27*h**2 + 14*h - 1. Let i be t(1). Let j be (-6)/21 - (-422)/7. Calculate the greatest common factor of i and j.
20
Let h = 815 + -1174. Let s = h + 511. What is the greatest common divisor of 19 and s?
19
Let g be 3636/45 + 2/10. Calculate the highest common divisor of 729 and g.
81
Suppose 0 = 8*r - 4*r - 14064. Suppose r = -t + 7*t. Suppose i = 4*i + y - 887, -2*i - 2*y = -t. Calculate the highest common factor of 27 and i.
27
Let f(b) = -4*b - 43. Let w be f(-22). Let r = w + -37. Calculate the highest common divisor of r and 20.
4
Suppose -2*x = -x. Suppose -5*w + 35 + 10 = 5*f, -3*w + 3*f - 3 = x. Suppose w*n - 38 = 2*n. Calculate the highest common factor of 38 and n.
19
Let s(o) = -24*o**2 + 10*o + 1. Let c be s(-2). Let j = 313 + c. Calculate the highest common divisor of j and 22.
22
Suppose -8*j + 85 = -251. Suppose 78 = 3*s + j. What is the highest common factor of 12 and s?
12
Let k(d) = -217*d - 92. Let z be k(-2). What is the highest common factor of z and 36?
18
Let p = -5 + 10. Suppose -q + p*q - 624 = 0. Calculate the highest common factor of q and 26.
26
Let g be (27/(-36))/((-9)/(-8))*3. Let r be ((-1 + 3)*-1)/(g/4). Calculate the highest common factor of 4 and r.
4
Suppose n + 20*s = 17*s + 92, 5*s = 0. What is the highest common factor of n and 276?
92
Let t = -11 + 14. Suppose j = -l + t - 14, -j = 5*l + 39. Let q = 56 - l. What is the highest common factor of 7 and q?
7
Let v be ((-14)/12*-3)/(19/1938). What is the greatest common divisor of v and 63?
21
Suppose -2*j + 2*b = -64, -174 = -4*j - b - 26. Calculate the greatest common divisor of j and 45.
9
Let y(k) = -k**3 + 3*k**2 + 23*k - 2. Let a be y(-4). What is the greatest common divisor of a and 18?
18
Suppose 0 = -x - x. Suppose -16 = -4*m, -5*a = -x*m + m - 109. Suppose 18*s - a*s = -9. What is the highest common factor of 33 and s?
3
Let x = -33 - -39. Suppose 2*i + 4 = 2*p - x, 3*p = 2*i + 18. What is the greatest common divisor of 2 and p?
2
Let g = 1036 + -970. Calculate the highest common divisor of 4 and g.
2
Let c(m) = -191*m**3 + m**2 - 1. Let d = 12 - 13. Let r be c(d). Suppose r + 129 = 4*a. Calculate the highest common factor of 10 and a.
10
Suppose 2*a - 20 = -d, -36*a + 30 = -33*a - 4*d. Let m(t) = 20*t - 5. Let p be m(4). Suppose -3*v = -8*v + p. What is the greatest common factor of v and a?
5
Suppose 0*f + 7 = -f + 4*r, -21 = -f - 3*r. Suppose 8*t - 1